t v(z) = -z**3 + 21*z**2 - 655*z + 8568. Give v(15).
93
Let r(m) = 76144*m - 2969687. Calculate r(39).
-71
Let b(k) = 2*k**3 - 55*k**2 + 121*k - 1093. What is b(26)?
25
Let m(j) = 848*j - 28260. Determine m(33).
-276
Let q(u) = -u**3 + 16*u**2 + 20*u + 174. Determine q(16).
494
Let m(d) = 177*d**2 - 34*d - 130. What is m(-2)?
646
Let c(v) = 365*v - 10912. Determine c(32).
768
Let k(l) = 7386*l + 2245350. What is k(-304)?
6
Let u(t) = 9628*t - 202186. What is u(21)?
2
Let j(g) = -2*g**3 - 1309*g**2 - 691*g - 24206. Determine j(-654).
-8
Let y(i) = 17*i**2 + 846*i + 10533. Calculate y(-22).
149
Let n(d) = 127*d**2 + 902*d - 22. What is n(-8)?
890
Let j(z) = -494*z + 444. Give j(-11).
5878
Let c(i) = i**3 - 16*i**2 - 303*i + 4602. Calculate c(14).
-32
Let v(o) = -25*o**2 - 29*o - 154. Give v(-5).
-634
Let y(w) = 6182*w - 321074. Give y(52).
390
Let o(z) = -13*z**2 + 724*z + 18436. Determine o(-19).
-13
Let v(q) = -6*q**2 - 187*q - 670. Calculate v(-25).
255
Let l(x) = x**3 - 1698*x**2 - 125588*x + 777. What is l(-71)?
-4
Let r(z) = 1134*z + 183672. What is r(-162)?
-36
Let h(l) = -3*l**3 - 3*l**2 + 216*l - 535. Determine h(6).
5
Let o(m) = -2*m**3 + 134*m**2 + 123*m + 561. Determine o(68).
-323
Let j(z) = -13*z**2 + 12972*z - 486131. Determine j(39).
4
Let n(v) = v**3 + 40*v**2 - 303*v - 12077. Give n(-40).
43
Let r(l) = -19853*l - 2322796. Give r(-117).
5
Let b(g) = 320*g - 5375. Calculate b(28).
3585
Let h(q) = -q**2 - 52*q + 471. Calculate h(11).
-222
Let g(w) = -8*w**2 - 130*w + 91. Determine g(-18).
-161
Let l(w) = 1242*w - 89435. Calculate l(72).
-11
Let j(s) = -s**3 + 39*s**2 + 22*s - 4772. Determine j(36).
-92
Let g(u) = -7*u**2 + 414*u - 6. Calculate g(57).
849
Let c(k) = 2*k**2 + 3123*k - 72897. Give c(23).
-10
Let n(i) = i**3 - 17*i**2 - 235*i + 829. Give n(25).
-46
Let o(j) = -124*j - 10057. Determine o(-78).
-385
Let s(c) = 40*c**2 + 155*c + 1081. Calculate s(-7).
1956
Let w(c) = -c**2 + 690*c + 10635. Calculate w(-15).
60
Let b(w) = 14*w**2 + 5473*w + 524336. What is b(-168)?
8
Let d(n) = -n**2 - 386*n - 22054. Determine d(-70).
66
Let g(r) = -390*r - 10091. Calculate g(-26).
49
Let f(q) = -4056*q + 1196530. What is f(295)?
10
Let f(a) = 104023*a + 208161. Determine f(-2).
115
Let u(i) = 662*i - 13900. Give u(21).
2
Let c(t) = 103580*t + 761. Determine c(0).
761
Let g(o) = 1284*o - 16696. Give g(12).
-1288
Let y(k) = k**2 + 228*k - 20653. Calculate y(69).
-160
Let t(g) = 4*g**2 - 1278*g + 26199. Determine t(22).
19
Let r(y) = -6981*y + 425884. What is r(61)?
43
Let d(m) = -m**3 + 62*m**2 - 53*m - 115. Determine d(61).
373
Let m(i) = 796*i - 159209. Give m(200).
-9
Let g(i) = -i**2 + 376*i + 48604. Determine g(-102).
-152
Let t(m) = -3*m**2 - 466*m - 17150. Calculate t(-60).
10
Let r(m) = 2*m**2 - 44502*m - 267099. Calculate r(-6).
-15
Let c(f) = -2*f**3 + 470*f**2 + 16474*f + 4806. Determine c(266).
18
Let k(r) = -2196*r - 169073. What is k(-77)?
19
Let q(c) = 42*c + 3445. What is q(-71)?
463
Let r(v) = v**2 - 111*v + 2017. Determine r(24).
-71
Let j(y) = -2*y**3 + 11*y**2 - 1395*y - 2834. What is j(-2)?
16
Let j(t) = 32*t**2 - 830*t + 3285. Calculate j(4).
477
Let w(y) = 12*y**3 - y**2 - 91*y + 367. Determine w(4).
755
Let p(f) = -716*f - 6948. Determine p(-10).
212
Let z(m) = 10*m**3 - 1066*m**2 + 9260*m + 5041. Calculate z(97).
-3
Let k(p) = 465798*p - 931553. Determine k(2).
43
Let b(q) = -8*q**2 - 811*q + 1830. Give b(-107).
-2985
Let f(y) = -264*y - 35136. Calculate f(-133).
-24
Let n(o) = o**3 - 3*o - 93. What is n(5)?
17
Let r(n) = -239*n**2 + 15825*n - 3363. Determine r(66).
3
Let j(d) = -17*d**2 - 3206*d - 1207. Calculate j(-188).
673
Let z(s) = s**2 + 4786*s - 101014. What is z(21)?
-67
Let r(m) = -169968*m - 1189781. What is r(-7)?
-5
Let i(v) = 19*v**2 - 55*v - 394. Give i(6).
-40
Let g(i) = 5417*i + 904631. What is g(-167)?
-8
Let j(l) = -l**3 + 126*l**2 + 307*l - 22704. Give j(127).
156
Let z(b) = -b**3 + 3*b**2 + 79*b + 250. Determine z(-3).
67
Let o(m) = 2*m**2 - 1052*m + 116278. Give o(158).
-10
Let p(u) = u**3 - 171*u**2 + 285*u + 9019. What is p(169)?
62
Let r(f) = -537*f**2 - 46170*f + 1044. Give r(-86).
12
Let m(b) = -b**2 + 27*b - 236. Give m(-22).
-1314
Let w(j) = 2*j**3 + j**2 + 39*j - 124. Calculate w(3).
56
Let i(g) = -12*g**2 + 2937*g + 6621. Determine i(247).
-48
Let z(i) = -122465*i - 15185657. What is z(-124)?
3
Let p(b) = b**3 + 110*b**2 - 4285*b + 2549. Determine p(30).
-1
Let d(a) = 8*a**2 + 560*a + 3954. Give d(-8).
-14
Let u(t) = -262*t - 5819. What is u(-20)?
-579
Let j(u) = -805094*u + 3220396. Calculate j(4).
20
Let u(b) = -5978*b - 65991. Determine u(-11).
-233
Let c(l) = l**3 + 67*l**2 - 665*l + 2028. Determine c(-76).
584
Let f(m) = -24*m**3 - 507*m**2 - 36*m + 566. Give f(-21).
-1
Let o(u) = u**3 + 12*u**2 - 56*u - 1795. Calculate o(10).
-155
Let q(m) = -m**3 + 6*m**2 + 19214*m + 95844. Calculate q(-5).
49
Let s(q) = -q**3 - 85*q**2 + 544*q + 53345. Calculate s(-84).
593
Let z(d) = -503*d - 199. Give z(0).
-199
Let t(z) = -47*z**2 - 124*z - 17. Determine t(-7).
-1452
Let z(u) = 2*u**3 + 779*u**2 - 1178*u - 2050. Calculate z(-391).
-95
Let k(c) = 23*c**2 + 710*c - 28. What is k(-31)?
65
Let b(p) = 3*p**2 - 1779*p - 106947. Calculate b(-55).
-27
Let d(a) = -4*a**2 + 123*a - 45. Calculate d(28).
263
Let d(z) = -227*z + 5050. Give d(22).
56
Let z(o) = 28285*o + 3535587. Give z(-125).
-38
Let m(o) = -2*o**3 - 2483*o**2 + 3718*o - 13685. Determine m(-1243).
-12
Let i(p) = 884889*p + 1769778. Give i(-2).
0
Let k(u) = 369*u - 3278. Give k(14).
1888
Let h(o) = -o**3 - o**2 + 159*o + 943. Give h(-16).
2239
Let a(r) = -193*r + 60504. Calculate a(314).
-98
Let t(z) = z**3 - 102*z**2 + 886*z - 813. Calculate t(92).
-3941
Let b(o) = o**3 + 152*o**2 - 10864*o - 60. Calculate b(53).
-7
Let u(k) = 236*k - 21331. What is u(90)?
-91
Let l(p) = 4*p**2 - 16622*p - 133171. What is l(-8)?
61
Let h(u) = -6*u**3 - 930*u**2 + 102*u + 15841. What is h(-155)?
31
Let f(m) = m**3 + 87*m**2 - 541*m + 1474. Determine f(-93).
-107
Let d(n) = 46*n**2 - 6553*n - 70141. Calculate d(-10).
-11
Let f(s) = -4*s**3 + 34*s**2 + 55*s - 1549. Calculate f(11).
-2154
Let g(b) = -b**3 + 2489*b**2 + 5*b - 284. Determine g(0).
-284
Let i(v) = 5*v**3 - 812*v**2 + 1124*v + 336. Determine i(161).
-147
Let s(n) = -5*n**3 + 1199*n**2 - 4713*n + 2. What is s(4)?
14
Let p(i) = -3*i**2 - 96*i + 1619. Give p(-46).
-313
Let f(u) = -73727*u + 3317756. What is f(45)?
41
Let c(u) = 41*u**2 - 2717*u + 712. Calculate c(66).
-14
Let w(n) = n**2 + 10657*n - 13616935. Determine w(1153).
-5
Let d(l) = 17*l**3 - 114*l**2 + 14*l - 1. Calculate d(5).
-656
Let t(d) = d**3 + 76*d**2 + 1436*d - 402. Give t(-39).
-129
Let j(x) = -x**3 + 12*x**2 + 870*x - 2638. What is j(3)?
53
Let i(w) = 249767*w - 8492064. Calculate i(34).
14
Let s(o) = -o**3 - 83*o**2 - 83*o - 30. Give s(-82).
52
Let p(n) = 6*n**2 + 42952*n - 85904. Determine p(2).
24
Let l(p) = 9*p**2 - 88*p - 49235. What is l(79)?
-18
Let l(g) = 400*g + 7203. Determine l(-18).
3
Let m(l) = -l**3 - 75*l**2 + 3945*l + 8183. What is m(-2)?
1
Let p(n) = 109*n**2 + 2685*n + 190. Determine p(-22).
-6124
Let p(m) = 6*m**3 - 107*m**2 + 200*m - 351. Determine p(16).
33
Let c(k) = 39*k**2 - 4733*k - 3055. Give c(122).
-5
Let f(h) = -5*h**2 + 1420*h - 26405. Determine f(264).
-5
Let n(s) = 8*s**3 - 26*s**2 + 11*s - 65. Give n(6).
793
Let x(o) = o**3 - 88*o**2 + 1420*o - 1398. What is x(20)?
-198
Let i(z) = 90*z**2 + 4438*z + 5672. What is i(-48)?
8
Let p(k) = -k**3 - 19*k**2 - 3881*k - 37942. Give p(-10).
-32
Let o(x) = -2*x**2 + 662435*x - 10598464. Give o(16).
-16
Let r(j) = -j**3 + 30*j**2 - 315*j + 1213. Calculate r(12).
25
Let m(v) = -569*v - 14943. What is m(-26)?
-149
Let k(i) = 3*i**3 - 6*i**2 - 1014*i + 1019. What is k(1)?
2
Let c(y) = 9*y**3 + 1899*y**2 + 8*y + 1749. Give c(-211).
61
Let d(j) = -j**3 + 21*j**2 - 11*j - 8. What is d(6)?
466
Let r(u) = u**3 - 40*u**2 - 1368*u + 52422. Give r(44).
-26
Let n(k) = -670*k + 29167. Calculate n(44).
-313
Let w(b) = 3*b**2 - 12307*b + 73727. Determine w(6).
-7
Let k(c) = -424120*c + 848438. Calculate k(2).
198
Let a(d) = 542*d + 2737. Calculate a(-5).
27
Let f(v) = 182*v - 9017. Calculate f(48).
-281
Let q(c) = 6*c**3 + 338*c**2 + 2554*c - 9. Determine q(-9).
9
Let